st common divisor of 60 and k.
30
Let o = 941 - 876. Let q be 5 - (-4*o/10 - 1). What is the greatest common factor of q and 912?
16
Let p be (4 + -1 - 8) + 15. Suppose -z - 2*z + 4*q - 1 = 0, -3*q = z - 17. What is the greatest common factor of p and z?
5
Suppose 0 = 5*z + 4*p - 4793, 77*p - 1931 = -2*z + 80*p. Calculate the greatest common factor of 496 and z.
31
Let h = -239 + 694. Let k be ((-13104)/(-48))/((-36)/(-24)). Calculate the highest common factor of h and k.
91
Let i be (-2)/(-2) + (2 - (-5)/1). Suppose -24 = -4*n - i. Suppose 4*d - 233 - 99 = -4*r, n*d + r - 338 = 0. What is the greatest common factor of d and 34?
17
Suppose -s = 5*t + 829, -s - 62 + 223 = -t. Let k be (2/(-3))/(10/t). Let v(b) = 279*b - 7779. Let x be v(28). Calculate the highest common divisor of x and k.
11
Let c(a) = -a**2 + 14*a - 5*a + 6 + 19. Let i be c(11). Suppose -2 = d - 5*h, 5*d - i*h - 14 = -2*h. Calculate the greatest common divisor of d and 1.
1
Let h(w) = 4*w**2 - 10. Let z be h(4). Let p be 3 - (-1 + 2)*-2. Let v = p + 1. What is the greatest common factor of z and v?
6
Suppose -5*t + 3*t = -42. Suppose 109*u - 108*u - 375 = -2*b, 4*b - 5*u = 771. Calculate the greatest common divisor of t and b.
21
Let s(b) = 3*b**2 - 86*b + 231. Let w be s(35). Calculate the highest common factor of 160 and w.
32
Suppose 4*d = 4*d + d. Suppose -5*k + 2*x + 44 = 0, d = 5*k - 0*k + x - 38. Suppose -5*a + k*a = 12. What is the greatest common factor of a and 28?
4
Suppose -4*w + 2*u = 456, 1 = -5*u + 11. Let o = 225 + w. Calculate the greatest common factor of 28 and o.
28
Suppose 294*l - 13*l + 1748 - 212217 = 0. Calculate the highest common factor of 28 and l.
7
Suppose 84*y + 1528 = 2368. Suppose 0*p - 5*p - 4*i - 62 = 0, 2*i = -6. Let v = p - -80. What is the highest common factor of y and v?
10
Suppose -130*f - 348784 = -822996 - 1147928. What is the greatest common factor of 68 and f?
34
Suppose 0 = 45*i - 38885 + 11075. What is the greatest common divisor of 12 and i?
6
Let o(j) = 2*j**2 + 4*j + 1. Suppose -2*i + i - 3 = 0. Let d be o(i). Let q = 583 - 527. Calculate the highest common divisor of q and d.
7
Let u be 486/(-5) + 272/(-340). Let s = u + 173. What is the greatest common factor of 105 and s?
15
Let o(m) = -5*m + 21. Let k(s) = -5*s + 22. Let h(r) = -4*k(r) + 5*o(r). Let w be h(-11). What is the greatest common divisor of 48 and w?
24
Suppose -160160 = -129*k - 131*k. Calculate the greatest common factor of 2296 and k.
56
Suppose 0 = -2*i + 5*c + 40, 2*i - c = 12 + 20. Suppose q - 144 = 4*q. Let k = 54 + q. Calculate the highest common divisor of k and i.
3
Suppose b = -5*i + 740, 1490 = 4*b - 2*b + 5*i. Let v = 763 - b. What is the highest common factor of v and 143?
13
Let k = -2391 + 3660. Calculate the highest common divisor of k and 135.
27
Let m = 1 + 2. Let j(z) = -2*z**2 - 8*z + 23*z + 6 - z**m - 11*z. Let f be j(-4). Calculate the highest common factor of 2 and f.
2
Suppose 0 = 26*p - 1570 - 34700. Calculate the greatest common factor of 1665 and p.
45
Let s(l) = -2*l**3 - 4*l**2 - 5*l - 12. Let j = -341 + 338. Let u be s(j). Calculate the highest common divisor of u and 98.
7
Let o be 190/6*(-1001 + 2)/(-9). What is the highest common divisor of o and 95?
95
Let y(n) = 78*n**2 + 13*n - 11. Let s be y(1). What is the highest common divisor of s and 368?
16
Let d = 16229 - 16163. What is the highest common factor of 42 and d?
6
Let r(z) = z**2 + 128*z - 512. Let l be r(-132). Calculate the greatest common factor of l and 88.
8
Suppose a - 836 = 13*b - 17*b, -a - 3*b = -835. What is the highest common divisor of a and 1144?
104
Let z(d) = d**3 + 8*d**2 + 11*d + 7. Let p be z(-4). What is the greatest common divisor of p and 1269?
27
Suppose -7*k + 170 = 4*p, -23*p + 242 = -19*p - 5*k. Let f = 223 - 117. What is the highest common divisor of p and f?
53
Let p(i) = -i**2 + 11*i + 2. Let u be p(4). Let o = u - 11. Suppose 5*y - o = -2*n - 3, -4*n + 32 = 2*y. What is the greatest common divisor of n and 16?
8
Let l(g) = -7*g + 6. Let z be l(-3). Suppose 4*r = 333 + z. Calculate the greatest common divisor of r and 45.
45
Let m(k) = 53*k - 3190. Let x be m(68). What is the highest common divisor of 230 and x?
46
Suppose -1164 = 43*i - 47*i. Suppose 4*u + 443 = 4*n - 45, 3*n = -5*u - 618. Let b = u + i. What is the highest common divisor of 24 and b?
24
Let x(f) = -f**3 + 27*f**2 + 85*f + 49. Let c be x(23). What is the greatest common divisor of c and 120?
40
Suppose -5*o + 579*g - 575*g = -38990, -3*o + 23394 = -3*g. Calculate the greatest common factor of o and 14.
14
Suppose -7134 = -38*a - 665 + 16407. What is the greatest common divisor of 364 and a?
14
Suppose -3*m = -4*g + 14 + 13, -g = -m - 7. Suppose 20 = 11*i - g*i. Let v be 602/i + (-7)/14. What is the greatest common divisor of 15 and v?
15
Suppose 20 = -4*p + 24, -80 = -5*b - 5*p. What is the greatest common divisor of b and 2?
1
Let m(b) = -45*b**2 - 118*b - 26. Let c be m(-2). Suppose -13 - 37 = -j. What is the highest common divisor of j and c?
10
Let t = 20507 + -18597. What is the highest common factor of t and 130?
10
Let t = 796 + -82. Let m be (23 + -23)/(-3 + 1). Suppose -t = -17*z - m*z. What is the greatest common factor of 105 and z?
21
Let y(s) = -s**2 + 27*s - 164. Let n be y(11). Calculate the greatest common divisor of n and 9708.
12
Let z(o) = -2*o**2 - 74*o + 1. Let q be z(-37). Let u be 0 - (1 + (-4 - 4)). What is the highest common divisor of q and u?
1
Let n be ((-1918 + -14)/7)/(-4 + (-4)/(-2)). Calculate the greatest common divisor of n and 20631.
69
Let g be (18110 - 35) + (-5 - 10). What is the highest common divisor of g and 12?
12
Suppose -5*t + 0*j = -4*j - 238, 4*t = -5*j + 215. Let v = 73 - 71. Suppose 0 = v*q - 38 - 2. Calculate the highest common divisor of q and t.
10
Let d(z) = -5*z - 25. Let b be d(-6). Suppose -2*j + 12 = 2*l - 18, -2*j = 5*l - 75. Let t = l - b. What is the highest common divisor of t and 8?
2
Let q(w) = -50*w + 26. Let j be q(-3). Let u = 33 - 22. What is the greatest common factor of u and j?
11
Let z(o) = -o**3 - 3*o**2 + 3*o + 3. Let s be z(0). Calculate the highest common factor of s and 1059.
3
Suppose 0 = -36*z - 18*z + 62424. Calculate the highest common factor of z and 408.
68
Let q be 3*(-25)/30*8. Let g = q - -24. Suppose g*p - 8 + 0 = 0. What is the highest common factor of p and 18?
2
Suppose 325258 - 85768 = 19*v + 35*v. Calculate the greatest common factor of v and 10.
5
Let z be (18/(-8))/(3/(-36)). Let h = -23 + z. Suppose 0 = -6*s - 0*s + 24. What is the highest common factor of h and s?
4
Let d(j) = 2*j**3 - j**2 - 7. Let p be d(-4). Let g = 180 + p. Calculate the greatest common factor of g and 319.
29
Suppose -10*t + 11*t + 3*o - 47 = 0, 0 = -4*t - 5*o + 195. Calculate the greatest common factor of t and 330.
10
Let i(w) = -36*w - 3. Suppose 0*z + 12 = -3*z + 3*h, 0 = 3*z + h. Let u be i(z). Calculate the greatest common factor of u and 99.
33
Suppose -1903 - 1331 = -1588*x + 1555*x. Calculate the highest common factor of 1540 and x.
14
Let x(o) = o**2 + 49*o - 218. Let d be x(-55). What is the highest common factor of d and 320?
16
Let y be 97 + -11 + 19 + 4*(-1 + 0). Calculate the highest common divisor of y and 5959.
101
Let x be 3 - (-7155)/(-60)*-4. What is the greatest common divisor of x and 105?
15
Let d(h) = 182*h**3 - 11*h**2 + 7*h - 16. Let c be d(4). What is the greatest common divisor of 174 and c?
174
Suppose 10*x = 426 + 224. Let z be (-6 - -6) + (-104)/(-2). What is the highest common factor of z and x?
13
Let i = 6123 - 2385. Calculate the highest common factor of i and 126.
42
Let p = 205 - 229. Let m be p/(-180) - 1794/(-45). Calculate the greatest common factor of m and 90.
10
Suppose -z - 5 = 4*g, g = 3*z + 16 + 51. Let d = 386 - 428. Let f be (28/z + (-2)/(-2))*d. Calculate the greatest common factor of f and 126.
14
Let t be (5 + 151)*(-108)/(-234). Calculate the highest common factor of t and 84.
12
Suppose -a - 2*d = -101, -a - 5*d = -0*a - 107. Suppose 3*j = -5*m + 1895, 196 = -j + 181. What is the highest common divisor of a and m?
97
Let w(m) = 13*m + 42. Let r be w(30). Let a = -320 + r. What is the highest common divisor of 98 and a?
14
Let v = -49 - -85. Suppose -5*l + 23